62 is divided by 66.
64
Calculate the remainder when 197 is divided by 15.
2
Calculate the remainder when 250 is divided by 61.
6
Calculate the remainder when 587 is divided by 12.
11
Calculate the remainder when 5608 is divided by 10.
8
What is the remainder when 386 is divided by 25?
11
What is the remainder when 261 is divided by 8?
5
Calculate the remainder when 100 is divided by 21.
16
What is the remainder when 261 is divided by 8?
5
Calculate the remainder when 833 is divided by 29.
21
What is the remainder when 44 is divided by 13?
5
Calculate the remainder when 618 is divided by 10.
8
Calculate the remainder when 1119 is divided by 140.
139
Calculate the remainder when 752 is divided by 181.
28
What is the remainder when 1250 is divided by 317?
299
Calculate the remainder when 6305 is divided by 42.
5
What is the remainder when 131 is divided by 5?
1
Calculate the remainder when 2764 is divided by 250.
14
Calculate the remainder when 7 is divided by 5.
2
What is the remainder when 186 is divided by 34?
16
What is the remainder when 528 is divided by 29?
6
What is the remainder when 23566 is divided by 7855?
1
What is the remainder when 152 is divided by 17?
16
Calculate the remainder when 2657 is divided by 95.
92
Calculate the remainder when 2080 is divided by 24.
16
Calculate the remainder when 107 is divided by 52.
3
Calculate the remainder when 143 is divided by 113.
30
What is the remainder when 2854 is divided by 6?
4
Calculate the remainder when 206 is divided by 50.
6
Calculate the remainder when 94 is divided by 80.
14
Calculate the remainder when 2175 is divided by 33.
30
Calculate the remainder when 1636 is divided by 51.
4
What is the remainder when 4461 is divided by 194?
193
Calculate the remainder when 458 is divided by 27.
26
Calculate the remainder when 388 is divided by 30.
28
What is the remainder when 2127 is divided by 15?
12
Calculate the remainder when 48 is divided by 11.
4
Calculate the remainder when 1133 is divided by 21.
20
What is the remainder when 10707 is divided by 153?
150
What is the remainder when 1574 is divided by 9?
8
What is the remainder when 4843 is divided by 17?
15
What is the remainder when 234 is divided by 78?
0
Calculate the remainder when 12263 is divided by 4083.
14
Calculate the remainder when 27390 is divided by 128.
126
What is the remainder when 260 is divided by 27?
17
What is the remainder when 1211 is divided by 299?
15
Calculate the remainder when 661 is divided by 191.
88
Calculate the remainder when 218 is divided by 101.
16
Calculate the remainder when 419 is divided by 21.
20
Calculate the remainder when 1447 is divided by 4.
3
What is the remainder when 300 is divided by 6?
0
What is the remainder when 51 is divided by 19?
13
Calculate the remainder when 2359 is divided by 118.
117
Calculate the remainder when 113 is divided by 13.
9
Calculate the remainder when 297 is divided by 21.
3
Calculate the remainder when 388 is divided by 100.
88
What is the remainder when 1110 is divided by 280?
270
Calculate the remainder when 1208 is divided by 19.
11
What is the remainder when 4926 is divided by 60?
6
What is the remainder when 1408 is divided by 25?
8
Calculate the remainder when 6602 is divided by 87.
77
What is the remainder when 7098 is divided by 97?
17
What is the remainder when 281 is divided by 24?
17
Calculate the remainder when 40 is divided by 21.
19
Calculate the remainder when 5897 is divided by 13.
8
What is the remainder when 611 is divided by 17?
16
Calculate the remainder when 2221 is divided by 551.
17
Calculate the remainder when 301 is divided by 134.
33
Calculate the remainder when 6592 is divided by 823.
8
What is the remainder when 177 is divided by 63?
51
Calculate the remainder when 347 is divided by 96.
59
Calculate the remainder when 179 is divided by 14.
11
What is the remainder when 8237 is divided by 7?
5
Calculate the remainder when 269 is divided by 16.
13
Calculate the remainder when 205 is divided by 26.
23
Calculate the remainder when 24 is divided by 17.
7
Calculate the remainder when 579 is divided by 83.
81
Calculate the remainder when 851 is divided by 226.
173
Calculate the remainder when 320 is divided by 26.
8
Calculate the remainder when 359 is divided by 31.
18
What is the remainder when 172 is divided by 59?
54
Calculate the remainder when 764 is divided by 59.
56
Calculate the remainder when 879 is divided by 63.
60
What is the remainder when 66 is divided by 21?
3
What is the remainder when 312 is divided by 15?
12
Calculate the remainder when 32 is divided by 12.
8
Calculate the remainder when 74 is divided by 11.
8
Calculate the remainder when 9197 is divided by 42.
41
Calculate the remainder when 3457 is divided by 13.
12
Calculate the remainder when 156 is divided by 32.
28
Calculate the remainder when 7939 is divided by 11.
8
Calculate the remainder when 314 is divided by 15.
14
Calculate the remainder when 307 is divided by 62.
59
Calculate the remainder when 3950 is divided by 92.
86
Calculate the remainder when 798 is divided by 116.
102
Calculate the remainder when 44 is divided by 7.
2
What is the remainder when 551 is divided by 99?
56
What is the remainder when 716 is divided by 157?
88
Calculate the remainder when 219 is divided by 92.
35
Calculate the remainder when 305 is divided by 71.
21
What is the remainder when 122 is divided by 32?
26
What is the remainder when 986 is divided by 491?
4
Calculate the remainder when 294 is divided by 26.
8
Calculate the remainder when 123 is divided by 7.
4
Calculate the remainder when 104 is divided by 28.
20
Calculate the remainder when 10 is divided by 4.
2
What is the remainder when 7 is divided by 5?
2
Calculate the remainder when 472 is divided by 249.
223
Calculate the remainder when 75 is divided by 38.
37
What is the remainder when 131 is divided by 35?
26
Calculate the remainder when 1272 is divided by 78.
24
What is the remainder when 135 is divided by 25?
10
What is the remainder when 412 is divided by 9?
7
Calculate the remainder when 529 is divided by 189.
151
Calculate the remainder when 18801 is divided by 17.
16
What is the remainder when 191 is divided by 18?
11
What is the remainder when 363 is divided by 52?
51
Calculate the remainder when 499 is divided by 25.
24
What is the remainder when 432 is divided by 156?
120
What is the remainder when 107 is divided by 32?
11
Calculate the remainder when 324 is divided by 111.
102
What is the remainder when 219 is divided by 55?
54
Calculate the remainder when 521 is divided by 25.
21
Calculate the remainder when 530 is divided by 272.
258
Calculate the remainder when 2221 is divided by 77.
65
Calculate the remainder when 357 is divided by 90.
87
Calculate the remainder when 56 is divided by 21.
14
What is the remainder when 63 is divided by 53?
10
Calculate the remainder when 52 is divided by 43.
9
What is the remainder when 250 is divided by 8?
2
Calculate the remainder when 119 is divided by 56.
7
What is the remainder when 371 is divided by 27?
20
What is the remainder when 74 is divided by 21?
11
What is the remainder when 195 is divided by 125?
70
Calculate the remainder when 3471 is divided by 9.
6
What is the remainder when 414 is divided by 130?
24
What is the remainder when 430 is divided by 8?
6
What is the remainder when 263 is divided by 22?
21
What is the remainder when 44 is divided by 15?
14
Calculate the remainder when 260 is divided by 9.
8
What is the remainder when 816 is divided by 808?
8
What is the remainder when 85 is divided by 31?
23
What is the remainder when 29 is divided by 16?
13
What is the remainder when 86 is divided by 80?
6
Calculate the remainder when 47 is divided by 36.
11
What is the remainder when 363 is divided by 22?
11
What is the remainder when 335 is divided by 82?
7
Calculate the remainder when 146 is divided by 21.
20
Calculate the remainder when 284 is divided by 57.
56
What is the remainder when 924 is divided by 234?
222
Calculate the remainder when 240 is divided by 81.
78
Calculate the remainder when 464 is divided by 62.
30
Calculate the remainder when 131 is divided by 37.
20
What is the remainder when 232 is divided by 110?
12
What is the remainder when 254